{"id":9191,"date":"2017-03-27T17:54:32","date_gmt":"2017-03-27T17:54:32","guid":{"rendered":"https:\/\/upperinc.com\/previews\/wp\/carbon\/?page_id=9191"},"modified":"2025-12-20T18:57:49","modified_gmt":"2025-12-20T18:57:49","slug":"home-hero-intro","status":"publish","type":"page","link":"https:\/\/www.nuvva.com.tr\/","title":{"rendered":"Home Hero Intro"},"content":{"rendered":"<div class=\"wpb-content-wrapper\"><p>[vc_row css=&#8221;.vc_custom_1493670408087{padding-top: 100px !important;padding-bottom: 50px !important;}&#8221;][vc_column width=&#8221;1\/3&#8243;][vc_single_image image=&#8221;11071&#8243; img_size=&#8221;Full&#8221; css=&#8221;&#8221;][\/vc_column][vc_column width=&#8221;2\/3&#8243; css=&#8221;.vc_custom_1493670368525{padding-right: 40px !important;padding-left: 40px !important;}&#8221;][vc_custom_heading text=&#8221;Hurma&#8221; font_container=&#8221;tag:h2|font_size:40px|text_align:center|color:%23DD3333&#8243; use_theme_fonts=&#8221;yes&#8221; css=&#8221;&#8221; el_class=&#8221;no-letter-spacing&#8221;][vc_empty_space height=&#8221;10px&#8221;][vc_column_text css=&#8221;&#8221;]<\/p>\n<p style=\"text-align: left;\">Hurma, palmiyegiller familyas\u0131ndan (Arecaceae) bir a\u011fa\u00e7 olan, Phoenix dactylifera olarak bilinen hurma a\u011fac\u0131ndan elde edilen tatl\u0131 bir meyvedir. Binlerce y\u0131ld\u0131r Ortado\u011fu\u2019nun temel g\u0131das\u0131 olan hurma, son y\u0131llarda olduk\u00e7a pop\u00fcler hale gelerek s\u0131k\u00e7a t\u00fcketilmeye ba\u015fland\u0131. Hurman\u0131n \u00e7e\u015fidine ba\u011fl\u0131 olarak boyutlar\u0131 ve rengi de\u011fi\u015febilmektedir. Y\u00fcksek miktarda lif i\u00e7eren hurma, tatl\u0131 bir tada sahiptir. Ayr\u0131ca demir a\u00e7\u0131s\u0131ndan y\u00fcksek oldu\u011fundan kans\u0131zl\u0131kla m\u00fccadelede \u00f6nemli bir rol oynar. Potasyum a\u00e7\u0131s\u0131ndan zengin olan hurma kalp sa\u011fl\u0131\u011f\u0131 i\u00e7in yarar sa\u011flar, di\u011fer yandan da kan bas\u0131nc\u0131n\u0131 d\u00fczenlemeye yard\u0131m eder. Lif kayna\u011f\u0131 oldu\u011fu i\u00e7in\u00a0kolesterol seviyelerini d\u00fc\u015f\u00fcrmeye yard\u0131mc\u0131 olur, ayn\u0131 zamanda iyi de bir protein kayna\u011f\u0131d\u0131r.<\/p>\n<p>[\/vc_column_text][vc_empty_space height=&#8221;30px&#8221;][\/vc_column][\/vc_row][vc_row css=&#8221;.vc_custom_1491688996643{padding-bottom: 100px !important;}&#8221;][vc_column width=&#8221;1\/2&#8243; css=&#8221;.vc_custom_1493669793978{padding-right: 40px !important;padding-left: 40px !important;}&#8221;][vc_custom_heading text=&#8221;HURMANIN FAYDALARI&#8221; font_container=&#8221;tag:h6|font_size:22|text_align:justify|color:%23DD3333&#8243; use_theme_fonts=&#8221;yes&#8221; css=&#8221;&#8221;][vc_column_text css=&#8221;&#8221;]<\/p>\n<p style=\"text-align: left;\">Hurma, A ve C vitaminlerinin yan\u0131 s\u0131ra manganez a\u00e7\u0131s\u0131ndan zengindir. D\u00fczenli hurma yemek, sisteminin sa\u011fl\u0131kl\u0131 \u00e7al\u0131\u015fmas\u0131na yard\u0131m eder, kan \u015fekerini dengeler, kalp sa\u011fl\u0131\u011f\u0131n\u0131 korur, beyin fonksiyonlar\u0131n\u0131n geli\u015fimini destekler, kemik yap\u0131s\u0131n\u0131 g\u00fc\u00e7lendirir ve normal do\u011fum yapacak anne adaylar\u0131nda rahim a\u011fz\u0131n\u0131n geni\u015flemesine yard\u0131mc\u0131 olarak normal do\u011fumu kolayla\u015ft\u0131r\u0131r.<\/p>\n<p>Hurman\u0131n faydalar\u0131 genel olarak \u015funlard\u0131r:<\/p>\n<ul>\n<li>Sindirimi d\u00fczenlemeye yard\u0131m eder<\/li>\n<li>Kan \u015fekerinin dengelenmesine yard\u0131m eder<\/li>\n<li>Kalp sa\u011fl\u0131\u011f\u0131n\u0131 destekler<\/li>\n<li>V\u00fccudu serbest radikallere kar\u015f\u0131 korur<\/li>\n<li>Beyin fonksiyonlar\u0131n\u0131n geli\u015fmesini sa\u011flar<\/li>\n<li>Kemik sa\u011fl\u0131\u011f\u0131n\u0131 destekler<\/li>\n<li>Normal do\u011fumu kolayla\u015ft\u0131r\u0131r<\/li>\n<li>Kronik hastal\u0131k olu\u015fma\u00a0risklerini azalt\u0131r<\/li>\n<li>Kolesterol\u00fc d\u00fczenleyerek\u00a0kalp sa\u011fl\u0131\u011f\u0131n\u0131 korur<\/li>\n<li>Kilo kayb\u0131na yard\u0131mc\u0131 olur<\/li>\n<\/ul>\n<p>[\/vc_column_text]<div class=\"ult-spacer spacer-69dfd189d13fc\" data-id=\"69dfd189d13fc\" data-height=\"0\" data-height-mobile=\"40\" data-height-tab=\"\" data-height-tab-portrait=\"\" data-height-mobile-landscape=\"40\" style=\"clear:both;display:block;\"><\/div>[\/vc_column][vc_column width=&#8221;1\/2&#8243; css=&#8221;.vc_custom_1493669801304{padding-right: 40px !important;padding-left: 40px !important;}&#8221;][vc_custom_heading text=&#8221;HURMANIN BES\u0130N DE\u011eER\u0130 NED\u0130R?&#8221; font_container=&#8221;tag:h6|font_size:22|text_align:justify|color:%23DD3333&#8243; use_theme_fonts=&#8221;yes&#8221; css=&#8221;&#8221;][vc_column_text css=&#8221;&#8221;]<\/p>\n<p style=\"text-align: left;\">Hurma, \u00f6zellikle kurutularak t\u00fcketilmektedir. \u0130\u00e7eri\u011findeki vitamin ve mineraller sayesinde kalp ve akci\u011fere fayda sa\u011flamaktad\u0131r.\u00a0\u0130\u00e7erdi\u011fi besin de\u011feri ile kanser ve\u00a0fel\u00e7\u00a0gibi riskleri azaltan antioksidanlar a\u00e7\u0131s\u0131ndan zengin olan hurma,\u00a0kolorektal kanser,\u00a0tip 2 diyabet\u00a0ve kalp hastal\u0131\u011f\u0131 riskini azaltabilir.<\/p>\n<p style=\"text-align: left;\">Ortalama b\u00fcy\u00fckl\u00fckte bir kuru hurman\u0131n besin de\u011feri \u015fu \u015fekilde a\u00e7\u0131klanabilir:<\/p>\n<ul>\n<li>Kalori: 20<\/li>\n<li>Toplam ya\u011f: 0.03 gram (g)<\/li>\n<li>Toplam karbonhidrat: 5.33 g<\/li>\n<li>Diyet lifi: 0.6 g<\/li>\n<li>\u015eeker: 4.5 gr<\/li>\n<li>Protein: 0.17 gr<\/li>\n<li>B-6 vitamini : 0.012 miligram (mg)<\/li>\n<li>Demir: 0.07 mg<\/li>\n<li>Magnezyum: 3 mg<\/li>\n<li>Potasyum: 47 mg<\/li>\n<\/ul>\n<p>[\/vc_column_text]<div class=\"ult-spacer spacer-69dfd189d1438\" data-id=\"69dfd189d1438\" data-height=\"0\" data-height-mobile=\"40\" data-height-tab=\"\" data-height-tab-portrait=\"\" data-height-mobile-landscape=\"40\" style=\"clear:both;display:block;\"><\/div>[\/vc_column][\/vc_row][vc_row bg_type=&#8221;bg_color&#8221; bg_override=&#8221;ex-full&#8221; css=&#8221;.vc_custom_1491581430005{padding-top: 60px !important;padding-bottom: 20px !important;}&#8221; bg_color_value=&#8221;#101010&#8243;][vc_column][vc_custom_heading text=&#8221;Hurma \u00c7e\u015fitlerimiz&#8221; font_container=&#8221;tag:h2|text_align:left|color:%23FFFFFF&#8221; use_theme_fonts=&#8221;yes&#8221; css=&#8221;&#8221;][vc_empty_space][vc_row_inner][vc_column_inner width=&#8221;1\/3&#8243;][vc_hoverbox image=&#8221;10992&#8243; primary_title=&#8221;&#8221; hover_title=&#8221;Acve&#8221;]En pop\u00fcler hurma \u00e7e\u015fitlerinden biri olan bu hurma, sa\u011fl\u0131kl\u0131 lif, vitamin ve minarel a\u00e7\u0131s\u0131ndan zengindir.[\/vc_hoverbox][\/vc_column_inner][vc_column_inner width=&#8221;1\/3&#8243;][vc_hoverbox image=&#8221;10994&#8243; primary_title=&#8221;&#8221; hover_title=&#8221;Acve Duble&#8221;]B\u00fcy\u00fck boy ve en pop\u00fcler hurma \u00e7e\u015fitlerinden biri olan bu hurma, sa\u011fl\u0131kl\u0131 lif, vitamin ve minarel a\u00e7\u0131s\u0131ndan zengindir.[\/vc_hoverbox][\/vc_column_inner][vc_column_inner width=&#8221;1\/3&#8243;][vc_hoverbox image=&#8221;10996&#8243; primary_title=&#8221;&#8221; hover_title=&#8221;Anber&#8221;][\/vc_hoverbox][\/vc_column_inner][\/vc_row_inner][vc_empty_space][vc_row_inner][vc_column_inner width=&#8221;1\/3&#8243;][vc_hoverbox image=&#8221;11003&#8243; primary_title=&#8221;&#8221; hover_title=&#8221;Anber Duble&#8221;]B\u00fcy\u00fck boy ve en pop\u00fcler hurma \u00e7e\u015fitlerinden biri olan bu hurma, sa\u011fl\u0131kl\u0131 lif, vitamin ve minarel a\u00e7\u0131s\u0131ndan zengindir.[\/vc_hoverbox][\/vc_column_inner][vc_column_inner width=&#8221;1\/3&#8243;][vc_hoverbox image=&#8221;11001&#8243; primary_title=&#8221;&#8221; hover_title=&#8221;\u00c7ekirdeksiz Hurma&#8221;]Bu e\u015fsiz, uzun ve ince hurmalar \u00e7ok hafif tatl\u0131 bir lezzet ve \u00e7i\u011fnenebilir bir dokuya sahiptir.[\/vc_hoverbox][\/vc_column_inner][vc_column_inner width=&#8221;1\/3&#8243;][vc_hoverbox image=&#8221;10991&#8243; primary_title=&#8221;&#8221; hover_title=&#8221;Mebrum&#8221;]Bu e\u015fsiz, uzun ve ince hurmalar \u00e7ok hafif tatl\u0131 bir lezzet ve \u00e7i\u011fnenebilir bir dokuya sahiptir.[\/vc_hoverbox][\/vc_column_inner][\/vc_row_inner][vc_empty_space][vc_row_inner][vc_column_inner width=&#8221;1\/3&#8243;][vc_hoverbox image=&#8221;10993&#8243; primary_title=&#8221;&#8221; hover_title=&#8221;Mebrum no1&#8243;]Bu e\u015fsiz, uzun ve ince hurmalar \u00e7ok hafif tatl\u0131 bir lezzet ve \u00e7i\u011fnenebilir bir dokuya sahiptir.[\/vc_hoverbox][\/vc_column_inner][vc_column_inner width=&#8221;1\/3&#8243;][vc_hoverbox image=&#8221;10999&#8243; primary_title=&#8221;&#8221; hover_title=&#8221;Mejdul&#8221;]Son derece yumu\u015fak, tatl\u0131 ve zengin kehribar k\u0131rm\u0131z\u0131s\u0131 rengiyle bu hurmalar \u00e7ok be\u011fenilen t\u00fcrdendir.[\/vc_hoverbox][\/vc_column_inner][vc_column_inner width=&#8221;1\/3&#8243;][vc_hoverbox image=&#8221;11004&#8243; primary_title=&#8221;&#8221; hover_title=&#8221;Mejdul Duble&#8221;]Son derece yumu\u015fak, tatl\u0131 ve zengin kehribar k\u0131rm\u0131z\u0131s\u0131 rengiyle bu hurmalar \u00e7ok be\u011fenilen t\u00fcrdendir.[\/vc_hoverbox][\/vc_column_inner][\/vc_row_inner][vc_empty_space][vc_row_inner][vc_column_inner width=&#8221;1\/3&#8243;][vc_hoverbox image=&#8221;11002&#8243; primary_title=&#8221;&#8221; hover_title=&#8221;Mejdul Jumbo&#8221;]Son derece yumu\u015fak, tatl\u0131 ve zengin kehribar k\u0131rm\u0131z\u0131s\u0131 rengiyle bu hurmalar \u00e7ok be\u011fenilen t\u00fcrdendir.[\/vc_hoverbox][\/vc_column_inner][vc_column_inner width=&#8221;1\/3&#8243;][vc_hoverbox image=&#8221;10998&#8243; primary_title=&#8221;&#8221; hover_title=&#8221;Safavi&#8221;][\/vc_hoverbox][\/vc_column_inner][vc_column_inner width=&#8221;1\/3&#8243;][vc_hoverbox image=&#8221;11000&#8243; primary_title=&#8221;&#8221; hover_title=&#8221;Sukai no1&#8243;][\/vc_hoverbox][\/vc_column_inner][\/vc_row_inner][vc_empty_space][vc_row_inner][vc_column_inner width=&#8221;1\/3&#8243;][vc_hoverbox image=&#8221;10997&#8243; primary_title=&#8221;&#8221; hover_title=&#8221;Sukai Duble&#8221;][\/vc_hoverbox][\/vc_column_inner][vc_column_inner width=&#8221;1\/3&#8243;][vc_hoverbox image=&#8221;10989&#8243; primary_title=&#8221;&#8221; hover_title=&#8221;Sukai L\u00fcks&#8221;][\/vc_hoverbox][\/vc_column_inner][vc_column_inner width=&#8221;1\/3&#8243;][vc_hoverbox image=&#8221;10990&#8243; primary_title=&#8221;&#8221; hover_title=&#8221;Sukkari Mufettel&#8221;]Bu e\u015fsiz, uzun ve ince hurmalar \u00e7ok hafif tatl\u0131 bir lezzet ve \u00e7i\u011fnenebilir\u00a0 bir dokuya sahiptir.[\/vc_hoverbox][\/vc_column_inner][\/vc_row_inner][vc_empty_space][vc_row_inner][vc_column_inner width=&#8221;1\/3&#8243;][vc_hoverbox image=&#8221;10987&#8243; primary_title=&#8221;&#8221; hover_title=&#8221;Beyaz \u00c7ikolatal\u0131 Bademli Hurma&#8221;][\/vc_hoverbox][\/vc_column_inner][vc_column_inner width=&#8221;1\/3&#8243;][vc_hoverbox image=&#8221;10986&#8243; primary_title=&#8221;&#8221; hover_title=&#8221;Siyah \u00c7ikolatal\u0131 Bademli Hurma&#8221;][\/vc_hoverbox][\/vc_column_inner][vc_column_inner width=&#8221;1\/3&#8243;][vc_hoverbox image=&#8221;10988&#8243; primary_title=&#8221;&#8221; hover_title=&#8221;Hurma Macunu&#8221;][\/vc_hoverbox][\/vc_column_inner][\/vc_row_inner][vc_empty_space][vc_row_inner][vc_column_inner width=&#8221;1\/3&#8243;][vc_hoverbox image=&#8221;10983&#8243; primary_title=&#8221;&#8221; hover_title=&#8221;Mebrum&#8221;]Bu e\u015fsiz, uzun ve ince hurmalar \u00e7ok hafif tatl\u0131 bir lezzet ve \u00e7i\u011fnenebilir bir dokuya sahiptir.[\/vc_hoverbox][\/vc_column_inner][vc_column_inner width=&#8221;1\/3&#8243;][vc_hoverbox image=&#8221;10984&#8243; primary_title=&#8221;&#8221; hover_title=&#8221;Mejdul&#8221;]Son derece yumu\u015fak, tatl\u0131 ve zengin kehribar k\u0131rm\u0131z\u0131s\u0131 rengiyle bu hurmalar \u00e7ok be\u011fenilen t\u00fcrdendir.[\/vc_hoverbox][\/vc_column_inner][vc_column_inner width=&#8221;1\/3&#8243;][vc_hoverbox image=&#8221;10981&#8243; primary_title=&#8221;&#8221; hover_title=&#8221;Sukai Duble&#8221;][\/vc_hoverbox][\/vc_column_inner][\/vc_row_inner][vc_empty_space][vc_row_inner][vc_column_inner width=&#8221;1\/3&#8243;][vc_hoverbox image=&#8221;10985&#8243; hover_title=&#8221;Sukkari Rutap&#8221;][\/vc_hoverbox][\/vc_column_inner][vc_column_inner width=&#8221;1\/3&#8243;][\/vc_column_inner][vc_column_inner width=&#8221;1\/3&#8243;][vc_single_image image=&#8221;11089&#8243; img_size=&#8221;Full&#8221; onclick=&#8221;custom_link&#8221; css=&#8221;&#8221; link=&#8221;https:\/\/wa.me\/+905424304925&#8243;][vc_column_text css=&#8221;&#8221;]<\/p>\n<p style=\"text-align: center;\"><span style=\"color: #f5f5f5;\">\u00dcr\u00fcnlerimiz ve fiyatlar\u0131 hakk\u0131nda Whatsapp hatt\u0131m\u0131zdan bilgi alabilirisiniz.<\/span><\/p>\n<p>[\/vc_column_text][\/vc_column_inner][\/vc_row_inner][\/vc_column][\/vc_row]<\/p>\n<\/div>","protected":false},"excerpt":{"rendered":"<p>[vc_row css=&#8221;.vc_custom_1493670408087{padding-top: 100px !important;padding-bottom: 50px !important;}&#8221;][vc_column width=&#8221;1\/3&#8243;][vc_single_image image=&#8221;11071&#8243; img_size=&#8221;Full&#8221; css=&#8221;&#8221;][\/vc_column][vc_column width=&#8221;2\/3&#8243; css=&#8221;.vc_custom_1493670368525{padding-right: 40px !important;padding-left: 40px !important;}&#8221;][vc_custom_heading text=&#8221;Hurma&#8221; font_container=&#8221;tag:h2|font_size:40px|text_align:center|color:%23DD3333&#8243; use_theme_fonts=&#8221;yes&#8221; css=&#8221;&#8221; el_class=&#8221;no-letter-spacing&#8221;][vc_empty_space height=&#8221;10px&#8221;][vc_column_text css=&#8221;&#8221;] Hurma, palmiyegiller familyas\u0131ndan (Arecaceae) bir a\u011fa\u00e7 olan, Phoenix dactylifera olarak bilinen hurma a\u011fac\u0131ndan elde edilen tatl\u0131 bir meyvedir. Binlerce y\u0131ld\u0131r Ortado\u011fu\u2019nun temel g\u0131das\u0131 olan hurma, son y\u0131llarda olduk\u00e7a pop\u00fcler hale gelerek s\u0131k\u00e7a [&hellip;]<\/p>\n","protected":false},"author":1,"featured_media":0,"parent":0,"menu_order":0,"comment_status":"closed","ping_status":"closed","template":"template-home.php","meta":{"footnotes":""},"class_list":["post-9191","page","type-page","status-publish","hentry"],"_links":{"self":[{"href":"https:\/\/www.nuvva.com.tr\/index.php?rest_route=\/wp\/v2\/pages\/9191","targetHints":{"allow":["GET"]}}],"collection":[{"href":"https:\/\/www.nuvva.com.tr\/index.php?rest_route=\/wp\/v2\/pages"}],"about":[{"href":"https:\/\/www.nuvva.com.tr\/index.php?rest_route=\/wp\/v2\/types\/page"}],"author":[{"embeddable":true,"href":"https:\/\/www.nuvva.com.tr\/index.php?rest_route=\/wp\/v2\/users\/1"}],"replies":[{"embeddable":true,"href":"https:\/\/www.nuvva.com.tr\/index.php?rest_route=%2Fwp%2Fv2%2Fcomments&post=9191"}],"version-history":[{"count":49,"href":"https:\/\/www.nuvva.com.tr\/index.php?rest_route=\/wp\/v2\/pages\/9191\/revisions"}],"predecessor-version":[{"id":11103,"href":"https:\/\/www.nuvva.com.tr\/index.php?rest_route=\/wp\/v2\/pages\/9191\/revisions\/11103"}],"wp:attachment":[{"href":"https:\/\/www.nuvva.com.tr\/index.php?rest_route=%2Fwp%2Fv2%2Fmedia&parent=9191"}],"curies":[{"name":"wp","href":"https:\/\/api.w.org\/{rel}","templated":true}]}}